{"id":2034,"date":"2026-03-10T21:10:57","date_gmt":"2026-03-10T21:10:57","guid":{"rendered":"https:\/\/ibanez.adv.br\/?page_id=2034"},"modified":"2026-03-16T05:06:47","modified_gmt":"2026-03-16T05:06:47","slug":"planejamento-matrimonial-patrimonial-e-sucessorio","status":"publish","type":"page","link":"https:\/\/ibanez.adv.br\/index.php\/areas-de-atuacao\/planejamento-matrimonial-patrimonial-e-sucessorio\/","title":{"rendered":"Planejamento Matrimonial, Patrimonial e Sucess\u00f3rio"},"content":{"rendered":"\t\t<div data-elementor-type=\"wp-page\" data-elementor-id=\"2034\" class=\"elementor elementor-2034\">\n\t\t\t\t<div class=\"elementor-element elementor-element-41cee85 e-con-full e-flex wpr-particle-no wpr-jarallax-no wpr-parallax-no wpr-sticky-section-no wpr-equal-height-no e-con e-parent\" data-id=\"41cee85\" data-element_type=\"container\" data-e-type=\"container\" data-settings=\"{&quot;background_background&quot;:&quot;classic&quot;}\">\n\t\t\t\t<div class=\"elementor-element elementor-element-109d7ed elementor-widget elementor-widget-heading\" data-id=\"109d7ed\" data-element_type=\"widget\" data-e-type=\"widget\" data-widget_type=\"heading.default\">\n\t\t\t\t\t<h2 class=\"elementor-heading-title elementor-size-default\">Planejamento Matrimonial,<br \/> Patrimonial e Sucess\u00f3rio<\/h2>\t\t\t\t<\/div>\n\t\t\t\t<div class=\"elementor-element elementor-element-e95645e elementor-widget elementor-widget-heading\" data-id=\"e95645e\" data-element_type=\"widget\" data-e-type=\"widget\" data-widget_type=\"heading.default\">\n\t\t\t\t\t<h2 class=\"elementor-heading-title elementor-size-default\">Estrat\u00e9gia jur\u00eddica para proteger a fam\u00edlia e preservar o patrim\u00f4nio.<\/h2>\t\t\t\t<\/div>\n\t\t\t\t<\/div>\n\t\t<div class=\"elementor-element elementor-element-ff2557d e-flex e-con-boxed wpr-particle-no wpr-jarallax-no wpr-parallax-no wpr-sticky-section-no wpr-equal-height-no e-con e-child\" data-id=\"ff2557d\" data-element_type=\"container\" data-e-type=\"container\">\n\t\t\t\t\t<div class=\"e-con-inner\">\n\t\t<div class=\"elementor-element elementor-element-34ba756 e-con-full e-flex wpr-particle-no wpr-jarallax-no wpr-parallax-no wpr-sticky-section-no wpr-equal-height-no e-con e-child\" data-id=\"34ba756\" data-element_type=\"container\" data-e-type=\"container\">\n\t\t\t\t<div class=\"elementor-element elementor-element-11e799b animated-fast elementor-invisible elementor-widget elementor-widget-qt-custom-heading\" data-id=\"11e799b\" data-element_type=\"widget\" data-e-type=\"widget\" data-settings=\"{&quot;_animation&quot;:&quot;proven-fadeInUp&quot;}\" data-widget_type=\"qt-custom-heading.default\">\n\t\t\t\t\t        <div class=\"custom-heading no-gradient\">\n                            <span class=\"custom-heading__subtitle\">Prote\u00e7\u00e3o Familiar e Patrimonial<\/span>\n                        <h2 class=\"custom-heading__title\">Planejamento jur\u00eddico para seguran\u00e7a, organiza\u00e7\u00e3o e continuidade do patrim\u00f4nio<\/h2>        <\/div>\n        \t\t\t\t<\/div>\n\t\t\t\t<div class=\"elementor-element elementor-element-fab7226 elementor-widget elementor-widget-text-editor\" data-id=\"fab7226\" data-element_type=\"widget\" data-e-type=\"widget\" data-widget_type=\"text-editor.default\">\n\t\t\t\t\t\t\t\t\t<p>O planejamento jur\u00eddico \u00e9 um instrumento essencial para garantir seguran\u00e7a \u00e0 fam\u00edlia e assegurar a continuidade do patrim\u00f4nio ao longo das gera\u00e7\u00f5es. Desenvolvemos solu\u00e7\u00f5es personalizadas a partir de um diagn\u00f3stico preciso das necessidades e objetivos de cada cliente, sempre buscando preservar a estabilidade da estrutura familiar, respeitando seus aspectos emocionais e priorizando a efici\u00eancia estrat\u00e9gica.<\/p><p>Nossa atua\u00e7\u00e3o preventiva pode envolver a elabora\u00e7\u00e3o de pacto antenupcial ou declara\u00e7\u00e3o de uni\u00e3o est\u00e1vel, estrutura\u00e7\u00e3o de holdings familiares, acordos de acionistas, constitui\u00e7\u00e3o de fundos, elabora\u00e7\u00e3o de testamentos, doa\u00e7\u00f5es e outras medidas jur\u00eddicas adequadas a cada realidade.<\/p><p>Essa abordagem permite realizar an\u00e1lises tribut\u00e1rias eficientes e implementar mecanismos de prote\u00e7\u00e3o patrimonial, sempre com foco na melhor solu\u00e7\u00e3o para os interesses do cliente e na preserva\u00e7\u00e3o do patrim\u00f4nio familiar.<\/p>\t\t\t\t\t\t\t\t<\/div>\n\t\t<div class=\"elementor-element elementor-element-006cbdf e-con-full e-flex wpr-particle-no wpr-jarallax-no wpr-parallax-no wpr-sticky-section-no wpr-equal-height-no e-con e-child\" data-id=\"006cbdf\" data-element_type=\"container\" data-e-type=\"container\">\n\t\t\t\t<div class=\"elementor-element elementor-element-f27101d animated-fast elementor-invisible elementor-widget elementor-widget-qt-button\" data-id=\"f27101d\" data-element_type=\"widget\" data-e-type=\"widget\" data-settings=\"{&quot;_animation&quot;:&quot;proven-fadeInUp&quot;}\" data-widget_type=\"qt-button.default\">\n\t\t\t\t\t\n        <a href=\"https:\/\/ibanez.adv.br\/index.php\/contato\/\" class=\"qt-btn btn-primary\">\n            Solicite uma consulta<\/a>\n\n        \t\t\t\t<\/div>\n\t\t\t\t<\/div>\n\t\t\t\t<\/div>\n\t\t<div class=\"elementor-element elementor-element-b1d841e e-con-full elementor-hidden-tablet elementor-hidden-mobile e-flex wpr-particle-no wpr-jarallax-no wpr-parallax-no wpr-sticky-section-no wpr-equal-height-no e-con e-child\" data-id=\"b1d841e\" data-element_type=\"container\" data-e-type=\"container\">\n\t\t\t\t<div class=\"elementor-element elementor-element-d42659c animated-fast elementor-invisible elementor-widget elementor-widget-image\" data-id=\"d42659c\" data-element_type=\"widget\" data-e-type=\"widget\" data-settings=\"{&quot;_animation&quot;:&quot;proven-fadeInUp&quot;}\" data-widget_type=\"image.default\">\n\t\t\t\t\t\t\t\t\t\t\t\t\t\t\t<img fetchpriority=\"high\" decoding=\"async\" width=\"862\" height=\"800\" src=\"https:\/\/ibanez.adv.br\/wp-content\/uploads\/2026\/03\/Patrimonial_2.webp\" class=\"attachment-full size-full wp-image-2445\" alt=\"\" srcset=\"https:\/\/ibanez.adv.br\/wp-content\/uploads\/2026\/03\/Patrimonial_2.webp 862w, https:\/\/ibanez.adv.br\/wp-content\/uploads\/2026\/03\/Patrimonial_2-300x278.webp 300w, https:\/\/ibanez.adv.br\/wp-content\/uploads\/2026\/03\/Patrimonial_2-768x713.webp 768w\" sizes=\"(max-width: 862px) 100vw, 862px\" \/>\t\t\t\t\t\t\t\t\t\t\t\t\t\t\t<\/div>\n\t\t\t\t<\/div>\n\t\t\t\t\t<\/div>\n\t\t\t\t<\/div>\n\t\t<div class=\"elementor-element elementor-element-76d28b4 e-flex e-con-boxed wpr-particle-no wpr-jarallax-no wpr-parallax-no wpr-sticky-section-no wpr-equal-height-no e-con e-parent\" data-id=\"76d28b4\" data-element_type=\"container\" data-e-type=\"container\">\n\t\t\t\t\t<div class=\"e-con-inner\">\n\t\t\t\t<div class=\"elementor-element elementor-element-d73658b elementor-widget elementor-widget-image\" data-id=\"d73658b\" data-element_type=\"widget\" data-e-type=\"widget\" data-widget_type=\"image.default\">\n\t\t\t\t\t\t\t\t\t\t\t\t\t\t\t<img decoding=\"async\" width=\"1024\" height=\"11\" src=\"https:\/\/ibanez.adv.br\/wp-content\/uploads\/2026\/03\/Divider-1024x11.webp\" class=\"attachment-large size-large wp-image-1153\" alt=\"\" srcset=\"https:\/\/ibanez.adv.br\/wp-content\/uploads\/2026\/03\/Divider-1024x11.webp 1024w, https:\/\/ibanez.adv.br\/wp-content\/uploads\/2026\/03\/Divider-600x7.webp 600w, https:\/\/ibanez.adv.br\/wp-content\/uploads\/2026\/03\/Divider-300x3.webp 300w, https:\/\/ibanez.adv.br\/wp-content\/uploads\/2026\/03\/Divider-768x8.webp 768w, https:\/\/ibanez.adv.br\/wp-content\/uploads\/2026\/03\/Divider.webp 1200w\" sizes=\"(max-width: 1024px) 100vw, 1024px\" \/>\t\t\t\t\t\t\t\t\t\t\t\t\t\t\t<\/div>\n\t\t\t\t\t<\/div>\n\t\t\t\t<\/div>\n\t\t<div class=\"elementor-element elementor-element-25fdbf6 e-flex e-con-boxed wpr-particle-no wpr-jarallax-no wpr-parallax-no wpr-sticky-section-no wpr-equal-height-no e-con e-parent\" data-id=\"25fdbf6\" data-element_type=\"container\" data-e-type=\"container\">\n\t\t\t\t\t<div class=\"e-con-inner\">\n\t\t\t\t<div class=\"elementor-element elementor-element-1f428a0 animated-fast elementor-invisible elementor-widget elementor-widget-qt-custom-heading\" data-id=\"1f428a0\" data-element_type=\"widget\" data-e-type=\"widget\" data-settings=\"{&quot;_animation&quot;:&quot;proven-fadeInUp&quot;}\" data-widget_type=\"qt-custom-heading.default\">\n\t\t\t\t\t        <div class=\"custom-heading no-gradient\">\n                            <span class=\"custom-heading__subtitle\">Oferecemos uma ampla gama de servi\u00e7os.<\/span>\n                        <h2 class=\"custom-heading__title\">Solu\u00e7\u00f5es Jur\u00eddicas em diversas \u00c1reas de Atua\u00e7\u00e3o<\/h2>        <\/div>\n        \t\t\t\t<\/div>\n\t\t<div class=\"elementor-element elementor-element-4e87a0c e-flex e-con-boxed wpr-particle-no wpr-jarallax-no wpr-parallax-no wpr-sticky-section-no wpr-equal-height-no e-con e-child\" data-id=\"4e87a0c\" data-element_type=\"container\" data-e-type=\"container\">\n\t\t\t\t\t<div class=\"e-con-inner\">\n\t\t<div class=\"elementor-element elementor-element-7ad6b52 e-grid e-con-boxed wpr-particle-no wpr-jarallax-no wpr-parallax-no wpr-sticky-section-no wpr-equal-height-no e-con e-child\" data-id=\"7ad6b52\" data-element_type=\"container\" data-e-type=\"container\">\n\t\t\t\t\t<div class=\"e-con-inner\">\n\t\t\t\t<div class=\"elementor-element elementor-element-0d8c304 animated-fast elementor-invisible elementor-widget elementor-widget-qt-featured-page-list\" data-id=\"0d8c304\" data-element_type=\"widget\" data-e-type=\"widget\" data-settings=\"{&quot;_animation&quot;:&quot;proven-fadeInUp&quot;}\" data-widget_type=\"qt-featured-page-list.default\">\n\t\t\t\t\t\n        <div class=\"featured-pages-list\">\n            \n            <div class=\"page-list__image\">\n                                            <\/div>\n\n            <div class=\"page-list__items\">\n\n                                <div class=\"page-list__item\">\n                        <h5 class=\"page-list__title\">\n                            <a href=\"https:\/\/ibanez.adv.br\/index.php\/areas-de-atuacao\/gestao-juridica-patrimonial\/\">Gest\u00e3o Jur\u00eddica Patrimonial<\/a>\n                        <\/h5>\n                                                                            <a href=\"https:\/\/ibanez.adv.br\/index.php\/areas-de-atuacao\/gestao-juridica-patrimonial\/\" aria-label=\"Read Gest\u00e3o Jur\u00eddica Patrimonial\" class=\"page-list__button\">\n                                <i aria-hidden=\"true\" class=\"fas fa-arrow-right\"><\/i>                            <\/a>\n                                            <\/div>\n                                        <div class=\"page-list__item\">\n                        <h5 class=\"page-list__title\">\n                            <a href=\"https:\/\/ibanez.adv.br\/index.php\/areas-de-atuacao\/direito-de-familia-e-sucessoes\/\">Direito de Fam\u00edlia e Sucess\u00f5es<\/a>\n                        <\/h5>\n                                                                            <a href=\"https:\/\/ibanez.adv.br\/index.php\/areas-de-atuacao\/direito-de-familia-e-sucessoes\/\" aria-label=\"Read Direito de Fam\u00edlia e Sucess\u00f5es\" class=\"page-list__button\">\n                                <i aria-hidden=\"true\" class=\"fas fa-arrow-right\"><\/i>                            <\/a>\n                                            <\/div>\n                                        <div class=\"page-list__item\">\n                        <h5 class=\"page-list__title\">\n                            <a href=\"https:\/\/ibanez.adv.br\/index.php\/areas-de-atuacao\/direito-societario\/\">Direito Societ\u00e1rio<\/a>\n                        <\/h5>\n                                                                            <a href=\"https:\/\/ibanez.adv.br\/index.php\/areas-de-atuacao\/direito-societario\/\" aria-label=\"Read Direito Societ\u00e1rio\" class=\"page-list__button\">\n                                <i aria-hidden=\"true\" class=\"fas fa-arrow-right\"><\/i>                            <\/a>\n                                            <\/div>\n                                        <div class=\"page-list__item\">\n                        <h5 class=\"page-list__title\">\n                            <a href=\"https:\/\/ibanez.adv.br\/index.php\/areas-de-atuacao\/direito-contratual\/\">Direito Contratual<\/a>\n                        <\/h5>\n                                                                            <a href=\"https:\/\/ibanez.adv.br\/index.php\/areas-de-atuacao\/direito-contratual\/\" aria-label=\"Read Direito Contratual\" class=\"page-list__button\">\n                                <i aria-hidden=\"true\" class=\"fas fa-arrow-right\"><\/i>                            <\/a>\n                                            <\/div>\n                                <\/div>\n        <\/div>\n        \t\t\t\t<\/div>\n\t\t\t\t<div class=\"elementor-element elementor-element-b4e5386 animated-fast elementor-invisible elementor-widget elementor-widget-qt-featured-page-list\" data-id=\"b4e5386\" data-element_type=\"widget\" data-e-type=\"widget\" data-settings=\"{&quot;_animation&quot;:&quot;proven-fadeInUp&quot;}\" data-widget_type=\"qt-featured-page-list.default\">\n\t\t\t\t\t\n        <div class=\"featured-pages-list\">\n            \n            <div class=\"page-list__image\">\n                                            <\/div>\n\n            <div class=\"page-list__items\">\n\n                                <div class=\"page-list__item\">\n                        <h5 class=\"page-list__title\">\n                            <a href=\"https:\/\/ibanez.adv.br\/index.php\/areas-de-atuacao\/direito-imobiliario-notarial-e-registral\/\">Direito Imobili\u00e1rio, Notarial e Registral<\/a>\n                        <\/h5>\n                                                                            <a href=\"https:\/\/ibanez.adv.br\/index.php\/areas-de-atuacao\/direito-imobiliario-notarial-e-registral\/\" aria-label=\"Read Direito Imobili\u00e1rio, Notarial e Registral\" class=\"page-list__button\">\n                                <i aria-hidden=\"true\" class=\"fas fa-arrow-right\"><\/i>                            <\/a>\n                                            <\/div>\n                                        <div class=\"page-list__item\">\n                        <h5 class=\"page-list__title\">\n                            <a href=\"https:\/\/ibanez.adv.br\/index.php\/areas-de-atuacao\/gestao-estrategica-de-contencioso-tributario-e-consultoria-fiscal\/\">Gest\u00e3o Estrat\u00e9gica de Contencioso Tribut\u00e1rio e Consultoria Fiscal<\/a>\n                        <\/h5>\n                                                                            <a href=\"https:\/\/ibanez.adv.br\/index.php\/areas-de-atuacao\/gestao-estrategica-de-contencioso-tributario-e-consultoria-fiscal\/\" aria-label=\"Read Gest\u00e3o Estrat\u00e9gica de Contencioso Tribut\u00e1rio e Consultoria Fiscal\" class=\"page-list__button\">\n                                <i aria-hidden=\"true\" class=\"fas fa-arrow-right\"><\/i>                            <\/a>\n                                            <\/div>\n                                        <div class=\"page-list__item\">\n                        <h5 class=\"page-list__title\">\n                            <a href=\"https:\/\/ibanez.adv.br\/index.php\/areas-de-atuacao\/gestao-estrategica-do-contencioso-e-consultoria-civel\/\">Gest\u00e3o Estrat\u00e9gica do Contencioso e Consultoria C\u00edvel<\/a>\n                        <\/h5>\n                                                                            <a href=\"https:\/\/ibanez.adv.br\/index.php\/areas-de-atuacao\/gestao-estrategica-do-contencioso-e-consultoria-civel\/\" aria-label=\"Read Gest\u00e3o Estrat\u00e9gica do Contencioso e Consultoria C\u00edvel\" class=\"page-list__button\">\n                                <i aria-hidden=\"true\" class=\"fas fa-arrow-right\"><\/i>                            <\/a>\n                                            <\/div>\n                                        <div class=\"page-list__item\">\n                        <h5 class=\"page-list__title\">\n                            <a href=\"https:\/\/ibanez.adv.br\/index.php\/areas-de-atuacao\/assessoria-juridica-para-compliance\/\">Assessoria Jur\u00eddica para Compliance<\/a>\n                        <\/h5>\n                                                                            <a href=\"https:\/\/ibanez.adv.br\/index.php\/areas-de-atuacao\/assessoria-juridica-para-compliance\/\" aria-label=\"Read Assessoria Jur\u00eddica para Compliance\" class=\"page-list__button\">\n                                <i aria-hidden=\"true\" class=\"fas fa-arrow-right\"><\/i>                            <\/a>\n                                            <\/div>\n                                <\/div>\n        <\/div>\n        \t\t\t\t<\/div>\n\t\t\t\t\t<\/div>\n\t\t\t\t<\/div>\n\t\t\t\t\t<\/div>\n\t\t\t\t<\/div>\n\t\t\t\t\t<\/div>\n\t\t\t\t<\/div>\n\t\t\t\t<\/div>\n\t\t","protected":false},"excerpt":{"rendered":"<p>Prote\u00e7\u00e3o, estrat\u00e9gia e seguran\u00e7a para o seu patrim\u00f4nio.<\/p>\n","protected":false},"author":2,"featured_media":2451,"parent":959,"menu_order":0,"comment_status":"closed","ping_status":"closed","template":"","meta":{"_acf_changed":false,"footnotes":""},"class_list":["post-2034","page","type-page","status-publish","has-post-thumbnail","hentry"],"acf":[],"yoast_head":"<!-- This site is optimized with the Yoast SEO plugin v27.1.1 - https:\/\/yoast.com\/product\/yoast-seo-wordpress\/ -->\n<title>Planejamento Matrimonial, Patrimonial e Sucess\u00f3rio - Iba\u00f1ez Advogados Associados<\/title>\n<meta name=\"robots\" content=\"index, follow, max-snippet:-1, max-image-preview:large, max-video-preview:-1\" \/>\n<link rel=\"canonical\" href=\"https:\/\/ibanez.adv.br\/index.php\/areas-de-atuacao\/planejamento-matrimonial-patrimonial-e-sucessorio\/\" \/>\n<meta property=\"og:locale\" content=\"en_US\" \/>\n<meta property=\"og:type\" content=\"article\" \/>\n<meta property=\"og:title\" content=\"Planejamento Matrimonial, Patrimonial e Sucess\u00f3rio - Iba\u00f1ez Advogados Associados\" \/>\n<meta property=\"og:description\" content=\"Prote\u00e7\u00e3o, estrat\u00e9gia e seguran\u00e7a para o seu patrim\u00f4nio.\" \/>\n<meta property=\"og:url\" content=\"https:\/\/ibanez.adv.br\/index.php\/areas-de-atuacao\/planejamento-matrimonial-patrimonial-e-sucessorio\/\" \/>\n<meta property=\"og:site_name\" content=\"Iba\u00f1ez Advogados Associados\" \/>\n<meta property=\"article:modified_time\" content=\"2026-03-16T05:06:47+00:00\" \/>\n<meta property=\"og:image\" content=\"https:\/\/ibanez.adv.br\/wp-content\/uploads\/2026\/03\/Planejamento.webp\" \/>\n\t<meta property=\"og:image:width\" content=\"1920\" \/>\n\t<meta property=\"og:image:height\" content=\"959\" \/>\n\t<meta property=\"og:image:type\" content=\"image\/webp\" \/>\n<meta name=\"twitter:card\" content=\"summary_large_image\" \/>\n<meta name=\"twitter:label1\" content=\"Est. reading time\" \/>\n\t<meta name=\"twitter:data1\" content=\"2 minutes\" \/>\n<script type=\"application\/ld+json\" class=\"yoast-schema-graph\">{\"@context\":\"https:\/\/schema.org\",\"@graph\":[{\"@type\":\"WebPage\",\"@id\":\"https:\/\/ibanez.adv.br\/index.php\/areas-de-atuacao\/planejamento-matrimonial-patrimonial-e-sucessorio\/\",\"url\":\"https:\/\/ibanez.adv.br\/index.php\/areas-de-atuacao\/planejamento-matrimonial-patrimonial-e-sucessorio\/\",\"name\":\"Planejamento Matrimonial, Patrimonial e Sucess\u00f3rio - Iba\u00f1ez Advogados Associados\",\"isPartOf\":{\"@id\":\"https:\/\/ibanez.adv.br\/#website\"},\"primaryImageOfPage\":{\"@id\":\"https:\/\/ibanez.adv.br\/index.php\/areas-de-atuacao\/planejamento-matrimonial-patrimonial-e-sucessorio\/#primaryimage\"},\"image\":{\"@id\":\"https:\/\/ibanez.adv.br\/index.php\/areas-de-atuacao\/planejamento-matrimonial-patrimonial-e-sucessorio\/#primaryimage\"},\"thumbnailUrl\":\"https:\/\/ibanez.adv.br\/wp-content\/uploads\/2026\/03\/Planejamento.webp\",\"datePublished\":\"2026-03-10T21:10:57+00:00\",\"dateModified\":\"2026-03-16T05:06:47+00:00\",\"breadcrumb\":{\"@id\":\"https:\/\/ibanez.adv.br\/index.php\/areas-de-atuacao\/planejamento-matrimonial-patrimonial-e-sucessorio\/#breadcrumb\"},\"inLanguage\":\"en-US\",\"potentialAction\":[{\"@type\":\"ReadAction\",\"target\":[\"https:\/\/ibanez.adv.br\/index.php\/areas-de-atuacao\/planejamento-matrimonial-patrimonial-e-sucessorio\/\"]}]},{\"@type\":\"ImageObject\",\"inLanguage\":\"en-US\",\"@id\":\"https:\/\/ibanez.adv.br\/index.php\/areas-de-atuacao\/planejamento-matrimonial-patrimonial-e-sucessorio\/#primaryimage\",\"url\":\"https:\/\/ibanez.adv.br\/wp-content\/uploads\/2026\/03\/Planejamento.webp\",\"contentUrl\":\"https:\/\/ibanez.adv.br\/wp-content\/uploads\/2026\/03\/Planejamento.webp\",\"width\":1920,\"height\":959},{\"@type\":\"BreadcrumbList\",\"@id\":\"https:\/\/ibanez.adv.br\/index.php\/areas-de-atuacao\/planejamento-matrimonial-patrimonial-e-sucessorio\/#breadcrumb\",\"itemListElement\":[{\"@type\":\"ListItem\",\"position\":1,\"name\":\"Home\",\"item\":\"https:\/\/ibanez.adv.br\/\"},{\"@type\":\"ListItem\",\"position\":2,\"name\":\"\u00c1reas de Atua\u00e7\u00e3o\",\"item\":\"https:\/\/ibanez.adv.br\/index.php\/areas-de-atuacao\/\"},{\"@type\":\"ListItem\",\"position\":3,\"name\":\"Planejamento Matrimonial, Patrimonial e Sucess\u00f3rio\"}]},{\"@type\":\"WebSite\",\"@id\":\"https:\/\/ibanez.adv.br\/#website\",\"url\":\"https:\/\/ibanez.adv.br\/\",\"name\":\"Iba\u00f1ez Advogados Associados\",\"description\":\"\",\"publisher\":{\"@id\":\"https:\/\/ibanez.adv.br\/#organization\"},\"potentialAction\":[{\"@type\":\"SearchAction\",\"target\":{\"@type\":\"EntryPoint\",\"urlTemplate\":\"https:\/\/ibanez.adv.br\/?s={search_term_string}\"},\"query-input\":{\"@type\":\"PropertyValueSpecification\",\"valueRequired\":true,\"valueName\":\"search_term_string\"}}],\"inLanguage\":\"en-US\"},{\"@type\":\"Organization\",\"@id\":\"https:\/\/ibanez.adv.br\/#organization\",\"name\":\"Iba\u00f1ez Advogados Associados\",\"url\":\"https:\/\/ibanez.adv.br\/\",\"logo\":{\"@type\":\"ImageObject\",\"inLanguage\":\"en-US\",\"@id\":\"https:\/\/ibanez.adv.br\/#\/schema\/logo\/image\/\",\"url\":\"\",\"contentUrl\":\"\",\"caption\":\"Iba\u00f1ez Advogados Associados\"},\"image\":{\"@id\":\"https:\/\/ibanez.adv.br\/#\/schema\/logo\/image\/\"}}]}<\/script>\n<!-- \/ Yoast SEO plugin. -->","yoast_head_json":{"title":"Planejamento Matrimonial, Patrimonial e Sucess\u00f3rio - Iba\u00f1ez Advogados Associados","robots":{"index":"index","follow":"follow","max-snippet":"max-snippet:-1","max-image-preview":"max-image-preview:large","max-video-preview":"max-video-preview:-1"},"canonical":"https:\/\/ibanez.adv.br\/index.php\/areas-de-atuacao\/planejamento-matrimonial-patrimonial-e-sucessorio\/","og_locale":"en_US","og_type":"article","og_title":"Planejamento Matrimonial, Patrimonial e Sucess\u00f3rio - Iba\u00f1ez Advogados Associados","og_description":"Prote\u00e7\u00e3o, estrat\u00e9gia e seguran\u00e7a para o seu patrim\u00f4nio.","og_url":"https:\/\/ibanez.adv.br\/index.php\/areas-de-atuacao\/planejamento-matrimonial-patrimonial-e-sucessorio\/","og_site_name":"Iba\u00f1ez Advogados Associados","article_modified_time":"2026-03-16T05:06:47+00:00","og_image":[{"width":1920,"height":959,"url":"https:\/\/ibanez.adv.br\/wp-content\/uploads\/2026\/03\/Planejamento.webp","type":"image\/webp"}],"twitter_card":"summary_large_image","twitter_misc":{"Est. reading time":"2 minutes"},"schema":{"@context":"https:\/\/schema.org","@graph":[{"@type":"WebPage","@id":"https:\/\/ibanez.adv.br\/index.php\/areas-de-atuacao\/planejamento-matrimonial-patrimonial-e-sucessorio\/","url":"https:\/\/ibanez.adv.br\/index.php\/areas-de-atuacao\/planejamento-matrimonial-patrimonial-e-sucessorio\/","name":"Planejamento Matrimonial, Patrimonial e Sucess\u00f3rio - Iba\u00f1ez Advogados Associados","isPartOf":{"@id":"https:\/\/ibanez.adv.br\/#website"},"primaryImageOfPage":{"@id":"https:\/\/ibanez.adv.br\/index.php\/areas-de-atuacao\/planejamento-matrimonial-patrimonial-e-sucessorio\/#primaryimage"},"image":{"@id":"https:\/\/ibanez.adv.br\/index.php\/areas-de-atuacao\/planejamento-matrimonial-patrimonial-e-sucessorio\/#primaryimage"},"thumbnailUrl":"https:\/\/ibanez.adv.br\/wp-content\/uploads\/2026\/03\/Planejamento.webp","datePublished":"2026-03-10T21:10:57+00:00","dateModified":"2026-03-16T05:06:47+00:00","breadcrumb":{"@id":"https:\/\/ibanez.adv.br\/index.php\/areas-de-atuacao\/planejamento-matrimonial-patrimonial-e-sucessorio\/#breadcrumb"},"inLanguage":"en-US","potentialAction":[{"@type":"ReadAction","target":["https:\/\/ibanez.adv.br\/index.php\/areas-de-atuacao\/planejamento-matrimonial-patrimonial-e-sucessorio\/"]}]},{"@type":"ImageObject","inLanguage":"en-US","@id":"https:\/\/ibanez.adv.br\/index.php\/areas-de-atuacao\/planejamento-matrimonial-patrimonial-e-sucessorio\/#primaryimage","url":"https:\/\/ibanez.adv.br\/wp-content\/uploads\/2026\/03\/Planejamento.webp","contentUrl":"https:\/\/ibanez.adv.br\/wp-content\/uploads\/2026\/03\/Planejamento.webp","width":1920,"height":959},{"@type":"BreadcrumbList","@id":"https:\/\/ibanez.adv.br\/index.php\/areas-de-atuacao\/planejamento-matrimonial-patrimonial-e-sucessorio\/#breadcrumb","itemListElement":[{"@type":"ListItem","position":1,"name":"Home","item":"https:\/\/ibanez.adv.br\/"},{"@type":"ListItem","position":2,"name":"\u00c1reas de Atua\u00e7\u00e3o","item":"https:\/\/ibanez.adv.br\/index.php\/areas-de-atuacao\/"},{"@type":"ListItem","position":3,"name":"Planejamento Matrimonial, Patrimonial e Sucess\u00f3rio"}]},{"@type":"WebSite","@id":"https:\/\/ibanez.adv.br\/#website","url":"https:\/\/ibanez.adv.br\/","name":"Iba\u00f1ez Advogados Associados","description":"","publisher":{"@id":"https:\/\/ibanez.adv.br\/#organization"},"potentialAction":[{"@type":"SearchAction","target":{"@type":"EntryPoint","urlTemplate":"https:\/\/ibanez.adv.br\/?s={search_term_string}"},"query-input":{"@type":"PropertyValueSpecification","valueRequired":true,"valueName":"search_term_string"}}],"inLanguage":"en-US"},{"@type":"Organization","@id":"https:\/\/ibanez.adv.br\/#organization","name":"Iba\u00f1ez Advogados Associados","url":"https:\/\/ibanez.adv.br\/","logo":{"@type":"ImageObject","inLanguage":"en-US","@id":"https:\/\/ibanez.adv.br\/#\/schema\/logo\/image\/","url":"","contentUrl":"","caption":"Iba\u00f1ez Advogados Associados"},"image":{"@id":"https:\/\/ibanez.adv.br\/#\/schema\/logo\/image\/"}}]}},"_links":{"self":[{"href":"https:\/\/ibanez.adv.br\/index.php\/wp-json\/wp\/v2\/pages\/2034","targetHints":{"allow":["GET"]}}],"collection":[{"href":"https:\/\/ibanez.adv.br\/index.php\/wp-json\/wp\/v2\/pages"}],"about":[{"href":"https:\/\/ibanez.adv.br\/index.php\/wp-json\/wp\/v2\/types\/page"}],"author":[{"embeddable":true,"href":"https:\/\/ibanez.adv.br\/index.php\/wp-json\/wp\/v2\/users\/2"}],"replies":[{"embeddable":true,"href":"https:\/\/ibanez.adv.br\/index.php\/wp-json\/wp\/v2\/comments?post=2034"}],"version-history":[{"count":16,"href":"https:\/\/ibanez.adv.br\/index.php\/wp-json\/wp\/v2\/pages\/2034\/revisions"}],"predecessor-version":[{"id":2457,"href":"https:\/\/ibanez.adv.br\/index.php\/wp-json\/wp\/v2\/pages\/2034\/revisions\/2457"}],"up":[{"embeddable":true,"href":"https:\/\/ibanez.adv.br\/index.php\/wp-json\/wp\/v2\/pages\/959"}],"wp:featuredmedia":[{"embeddable":true,"href":"https:\/\/ibanez.adv.br\/index.php\/wp-json\/wp\/v2\/media\/2451"}],"wp:attachment":[{"href":"https:\/\/ibanez.adv.br\/index.php\/wp-json\/wp\/v2\/media?parent=2034"}],"curies":[{"name":"wp","href":"https:\/\/api.w.org\/{rel}","templated":true}]}}